CRAN Package Check Results for Package sparseHessianFD

Last updated on 2024-02-25 08:53:15 CET.

Flavor Version Tinstall Tcheck Ttotal Status Flags
r-devel-linux-x86_64-debian-clang 0.3.3.7 40.94 97.05 137.99 NOTE
r-devel-linux-x86_64-debian-gcc 0.3.3.7 31.03 74.11 105.14 NOTE
r-devel-linux-x86_64-fedora-clang 0.3.3.7 182.92 NOTE
r-devel-linux-x86_64-fedora-gcc 0.3.3.7 187.58 NOTE
r-devel-windows-x86_64 0.3.3.7 33.00 136.00 169.00 NOTE
r-patched-linux-x86_64 0.3.3.7 33.04 94.22 127.26 NOTE
r-release-linux-x86_64 0.3.3.7 41.90 94.68 136.58 NOTE
r-release-macos-arm64 0.3.3.7 66.00 NOTE
r-release-macos-x86_64 0.3.3.7 97.00 NOTE
r-release-windows-x86_64 0.3.3.7 42.00 148.00 190.00 NOTE
r-oldrel-macos-arm64 0.3.3.7 53.00 OK
r-oldrel-windows-x86_64 0.3.3.7 44.00 141.00 185.00 OK

Check Details

Version: 0.3.3.7
Check: C++ specification
Result: NOTE Specified C++11: please drop specification unless essential Flavors: r-devel-linux-x86_64-debian-clang, r-devel-linux-x86_64-debian-gcc, r-devel-linux-x86_64-fedora-clang, r-devel-linux-x86_64-fedora-gcc, r-devel-windows-x86_64, r-patched-linux-x86_64, r-release-linux-x86_64, r-release-macos-arm64, r-release-macos-x86_64, r-release-windows-x86_64

Version: 0.3.3.7
Check: Rd files
Result: NOTE checkRd: (-1) Coord.to.Pointers.Rd:54: Lost braces; missing escapes or markup? 54 | \item{triangle=TRUE}{Input \code{rows} and {cols} represent lower | ^ checkRd: (-1) Coord.to.Pointers.Rd:59: Lost braces; missing escapes or markup? 59 | \item{triangle=FALSE}{Input \code{rows} and {cols} represent a full | ^ Flavors: r-devel-linux-x86_64-debian-clang, r-devel-linux-x86_64-debian-gcc