CRAN Package Check Results for Package sparsebnUtils

Last updated on 2024-02-23 16:53:31 CET.

Flavor Version Tinstall Tcheck Ttotal Status Flags
r-devel-linux-x86_64-debian-clang 0.0.8 NOTE
r-devel-linux-x86_64-debian-gcc 0.0.8 2.72 45.58 48.30 NOTE
r-devel-linux-x86_64-fedora-clang 0.0.8 79.89 NOTE
r-devel-linux-x86_64-fedora-gcc 0.0.8 77.54 NOTE
r-devel-windows-x86_64 0.0.8 5.00 67.00 72.00 NOTE
r-patched-linux-x86_64 0.0.8 5.61 59.63 65.24 NOTE
r-release-linux-x86_64 0.0.8 3.74 58.74 62.48 NOTE
r-release-macos-arm64 0.0.8 30.00 NOTE
r-release-macos-x86_64 0.0.8 42.00 NOTE
r-release-windows-x86_64 0.0.8 6.00 77.00 83.00 NOTE
r-oldrel-macos-arm64 0.0.8 28.00 OK
r-oldrel-windows-x86_64 0.0.8 5.00 81.00 86.00 NOTE

Check Details

Version: 0.0.8
Check: Rd cross-references
Result: NOTE Unknown package ‘sparsebn’ in Rd xrefs Flavors: r-devel-linux-x86_64-debian-clang, r-devel-linux-x86_64-debian-gcc, r-devel-linux-x86_64-fedora-gcc, r-devel-windows-x86_64, r-patched-linux-x86_64, r-release-linux-x86_64, r-release-macos-arm64, r-release-macos-x86_64, r-release-windows-x86_64, r-oldrel-windows-x86_64

Version: 0.0.8
Check: Rd cross-references
Result: NOTE Undeclared package ‘sparsebn’ in Rd xrefs Unknown package ‘sparsebn’ in Rd xrefs Flavor: r-devel-linux-x86_64-fedora-clang