CRAN Package Check Results for Package spathial

Last updated on 2024-02-20 16:49:40 CET.

Flavor Version Tinstall Tcheck Ttotal Status Flags
r-devel-linux-x86_64-debian-clang 0.1.2 NOTE
r-devel-linux-x86_64-debian-gcc 0.1.2 2.31 101.00 103.31 NOTE
r-devel-linux-x86_64-fedora-clang 0.1.2 160.76 NOTE
r-devel-linux-x86_64-fedora-gcc 0.1.2 178.64 NOTE
r-devel-windows-x86_64 0.1.2 4.00 114.00 118.00 NOTE
r-patched-linux-x86_64 0.1.2 3.66 135.27 138.93 NOTE
r-release-linux-x86_64 0.1.2 2.90 134.53 137.43 NOTE
r-release-macos-arm64 0.1.2 72.00 NOTE
r-release-macos-x86_64 0.1.2 104.00 NOTE
r-release-windows-x86_64 0.1.2 4.00 148.00 152.00 NOTE
r-oldrel-macos-arm64 0.1.2 73.00 NOTE
r-oldrel-windows-x86_64 0.1.2 5.00 151.00 156.00 NOTE

Check Details

Version: 0.1.2
Check: LazyData
Result: NOTE 'LazyData' is specified without a 'data' directory Flavors: r-devel-linux-x86_64-debian-clang, r-devel-linux-x86_64-debian-gcc, r-devel-linux-x86_64-fedora-clang, r-devel-linux-x86_64-fedora-gcc, r-devel-windows-x86_64, r-patched-linux-x86_64, r-release-linux-x86_64, r-release-macos-arm64, r-release-macos-x86_64, r-release-windows-x86_64, r-oldrel-macos-arm64, r-oldrel-windows-x86_64

Version: 0.1.2
Check: dependencies in R code
Result: NOTE Namespaces in Imports field not imported from: ‘irlba’ ‘knitr’ ‘rmarkdown’ All declared Imports should be used. Flavors: r-devel-linux-x86_64-fedora-clang, r-devel-linux-x86_64-fedora-gcc, r-oldrel-macos-arm64