Last updated on 2024-05-21 00:57:26 CEST.
Flavor | Version | Tinstall | Tcheck | Ttotal | Status | Flags |
---|---|---|---|---|---|---|
r-devel-linux-x86_64-debian-clang | 1.1.0 | 471.57 | 53.94 | 525.51 | OK | |
r-devel-linux-x86_64-debian-gcc | 1.1.0 | 371.96 | 38.88 | 410.84 | OK | |
r-devel-linux-x86_64-fedora-clang | 1.1.0 | 890.62 | NOTE | |||
r-devel-linux-x86_64-fedora-gcc | 1.1.0 | 896.32 | NOTE | |||
r-devel-windows-x86_64 | 1.1.0 | 313.00 | 88.00 | 401.00 | OK | |
r-patched-linux-x86_64 | 1.1.0 | 452.59 | 51.42 | 504.01 | OK | |
r-release-linux-x86_64 | 1.1.0 | 451.49 | 49.63 | 501.12 | OK | |
r-release-macos-arm64 | 1.1.0 | 74.00 | ERROR | |||
r-release-macos-x86_64 | 1.1.0 | 41.00 | ERROR | |||
r-release-windows-x86_64 | 1.1.0 | 323.00 | 84.00 | 407.00 | OK | |
r-oldrel-macos-arm64 | 1.1.0 | 82.00 | ERROR | |||
r-oldrel-macos-x86_64 | 1.1.0 | 44.00 | ERROR | |||
r-oldrel-windows-x86_64 | 1.1.0 | 324.00 | 104.00 | 428.00 | OK |
Version: 1.1.0
Check: dependencies in R code
Result: NOTE
Namespaces in Imports field not imported from:
‘Rcpp’ ‘base’ ‘utils’
All declared Imports should be used.
Flavors: r-devel-linux-x86_64-fedora-clang, r-devel-linux-x86_64-fedora-gcc
Version: 1.1.0
Check: whether package can be installed
Result: ERROR
Installation failed.
Flavors: r-release-macos-arm64, r-release-macos-x86_64, r-oldrel-macos-arm64, r-oldrel-macos-x86_64