CRAN Package Check Results for Package spatstat.Knet

Last updated on 2024-02-27 16:49:29 CET.

Flavor Version Tinstall Tcheck Ttotal Status Flags
r-devel-linux-x86_64-debian-clang 3.0-2 13.43 105.20 118.63 NOTE
r-devel-linux-x86_64-debian-gcc 3.0-2 9.21 79.06 88.27 NOTE
r-devel-linux-x86_64-fedora-clang 3.0-2 145.41 NOTE
r-devel-linux-x86_64-fedora-gcc 3.0-2 144.14 NOTE
r-devel-windows-x86_64 3.0-2 13.00 93.00 106.00 NOTE
r-patched-linux-x86_64 3.0-2 10.02 103.19 113.21 NOTE
r-release-linux-x86_64 3.0-2 8.38 105.04 113.42 NOTE
r-release-macos-arm64 3.0-2 50.00 NOTE
r-release-macos-x86_64 3.0-2 75.00 NOTE
r-release-windows-x86_64 3.0-2 17.00 108.00 125.00 NOTE
r-oldrel-macos-arm64 3.0-2 47.00 NOTE
r-oldrel-windows-x86_64 3.0-2 18.00 111.00 129.00 NOTE

Check Details

Version: 3.0-2
Check: package dependencies
Result: NOTE Depends: includes the non-default packages: 'spatstat.data', 'spatstat.sparse', 'spatstat.geom', 'spatstat.random', 'spatstat.explore', 'spatstat.model', 'spatstat.linnet', 'spatstat' Adding so many packages to the search path is excessive and importing selectively is preferable. Flavors: r-devel-linux-x86_64-debian-clang, r-devel-linux-x86_64-debian-gcc, r-devel-linux-x86_64-fedora-clang, r-devel-linux-x86_64-fedora-gcc, r-devel-windows-x86_64, r-patched-linux-x86_64, r-release-linux-x86_64, r-release-macos-arm64, r-release-macos-x86_64, r-release-windows-x86_64, r-oldrel-macos-arm64, r-oldrel-windows-x86_64