CRAN Package Check Results for Package spatstat.explore

Last updated on 2024-02-24 16:48:34 CET.

Flavor Version Tinstall Tcheck Ttotal Status Flags
r-devel-linux-x86_64-debian-clang 3.2-6 53.37 459.70 513.07 OK
r-devel-linux-x86_64-debian-gcc 3.2-6 47.19 340.62 387.81 OK
r-devel-linux-x86_64-fedora-clang 3.2-6 648.39 OK
r-devel-linux-x86_64-fedora-gcc 3.2-6 648.15 OK
r-devel-windows-x86_64 3.2-6 57.00 417.00 474.00 OK
r-patched-linux-x86_64 3.2-6 77.10 451.34 528.44 OK
r-release-linux-x86_64 3.2-6 58.04 451.34 509.38 OK
r-release-macos-arm64 3.2-6 165.00 NOTE
r-release-macos-x86_64 3.2-6 389.00 OK
r-release-windows-x86_64 3.2-6 73.00 524.00 597.00 OK
r-oldrel-macos-arm64 3.2-6 164.00 NOTE
r-oldrel-windows-x86_64 3.2-6 78.00 552.00 630.00 OK

Check Details

Version: 3.2-6
Check: installed package size
Result: NOTE installed size is 5.4Mb sub-directories of 1Mb or more: R 2.2Mb help 2.5Mb Flavors: r-release-macos-arm64, r-oldrel-macos-arm64