Last updated on 2024-05-04 08:51:44 CEST.
Flavor | Version | Tinstall | Tcheck | Ttotal | Status | Flags |
---|---|---|---|---|---|---|
r-devel-linux-x86_64-debian-clang | 0.6.0 | 9.50 | 101.80 | 111.30 | OK | |
r-devel-linux-x86_64-debian-gcc | 0.6.0 | 7.04 | 73.73 | 80.77 | OK | |
r-devel-linux-x86_64-fedora-clang | 0.6.0 | 132.19 | NOTE | |||
r-devel-linux-x86_64-fedora-gcc | 0.6.0 | 124.91 | OK | |||
r-devel-windows-x86_64 | 0.6.0 | 8.00 | 83.00 | 91.00 | OK | |
r-patched-linux-x86_64 | 0.6.0 | 7.53 | 93.05 | 100.58 | OK | |
r-release-linux-x86_64 | 0.6.0 | 5.77 | 95.31 | 101.08 | OK | |
r-release-macos-arm64 | 0.6.0 | 37.00 | OK | |||
r-release-windows-x86_64 | 0.6.0 | 8.00 | 83.00 | 91.00 | OK | |
r-oldrel-macos-arm64 | 0.6.0 | 40.00 | OK | |||
r-oldrel-macos-x86_64 | 0.6.0 | 64.00 | OK | |||
r-oldrel-windows-x86_64 | 0.6.0 | 10.00 | 103.00 | 113.00 | OK |
Version: 0.6.0
Check: Rd cross-references
Result: NOTE
Undeclared package ‘vctrs’ in Rd xrefs
Flavor: r-devel-linux-x86_64-fedora-clang