CRAN Package Check Results for Package spcosa

Last updated on 2024-02-23 16:53:31 CET.

Flavor Version Tinstall Tcheck Ttotal Status Flags
r-devel-linux-x86_64-debian-clang 0.4-2 NOTE
r-devel-linux-x86_64-debian-gcc 0.4-2 9.83 153.93 163.76 NOTE
r-devel-linux-x86_64-fedora-clang 0.4-2 291.63 NOTE
r-devel-linux-x86_64-fedora-gcc 0.4-2 311.69 NOTE
r-devel-windows-x86_64 0.4-2 12.00 156.00 168.00 NOTE
r-patched-linux-x86_64 0.4-2 17.06 207.25 224.31 OK
r-release-linux-x86_64 0.4-2 11.97 207.53 219.50 OK
r-release-macos-arm64 0.4-2 85.00 OK
r-release-macos-x86_64 0.4-2 175.00 OK
r-release-windows-x86_64 0.4-2 16.00 197.00 213.00 OK
r-oldrel-macos-arm64 0.4-2 81.00 OK
r-oldrel-windows-x86_64 0.4-2 17.00 201.00 218.00 OK

Check Details

Version: 0.4-2
Check: Rd files
Result: NOTE checkRd: (-1) NEWS.Rd:137: Escaped LaTeX specials: \& Flavors: r-devel-linux-x86_64-debian-clang, r-devel-linux-x86_64-debian-gcc, r-devel-linux-x86_64-fedora-clang, r-devel-linux-x86_64-fedora-gcc, r-devel-windows-x86_64