CRAN Package Check Results for Package spectralGraphTopology

Last updated on 2024-02-27 16:49:29 CET.

Flavor Version Tinstall Tcheck Ttotal Status Flags
r-devel-linux-x86_64-debian-clang 0.2.3 70.44 85.92 156.36 OK
r-devel-linux-x86_64-debian-gcc 0.2.3 51.32 64.51 115.83 OK
r-devel-linux-x86_64-fedora-clang 0.2.3 215.83 OK
r-devel-linux-x86_64-fedora-gcc 0.2.3 215.92 OK
r-devel-windows-x86_64 0.2.3 53.00 109.00 162.00 OK
r-patched-linux-x86_64 0.2.3 70.08 82.00 152.08 OK
r-release-linux-x86_64 0.2.3 65.49 83.99 149.48 OK
r-release-macos-arm64 0.2.3 62.00 NOTE
r-release-macos-x86_64 0.2.3 107.00 NOTE
r-release-windows-x86_64 0.2.3 69.00 120.00 189.00 OK
r-oldrel-macos-arm64 0.2.3 52.00 NOTE
r-oldrel-windows-x86_64 0.2.3 65.00 118.00 183.00 OK

Check Details

Version: 0.2.3
Check: installed package size
Result: NOTE installed size is 7.4Mb sub-directories of 1Mb or more: doc 3.1Mb libs 3.9Mb Flavors: r-release-macos-arm64, r-release-macos-x86_64, r-oldrel-macos-arm64