CRAN Package Check Results for Package speech

Last updated on 2024-03-01 00:55:34 CET.

Flavor Version Tinstall Tcheck Ttotal Status Flags
r-devel-linux-x86_64-debian-clang 0.1.5 6.11 57.42 63.53 NOTE
r-devel-linux-x86_64-debian-gcc 0.1.5 6.20 43.46 49.66 NOTE
r-devel-linux-x86_64-fedora-clang 0.1.5 81.33 NOTE
r-devel-linux-x86_64-fedora-gcc 0.1.5 76.56 NOTE
r-devel-windows-x86_64 0.1.5 7.00 61.00 68.00 OK
r-patched-linux-x86_64 0.1.5 8.53 55.21 63.74 OK
r-release-linux-x86_64 0.1.5 4.79 53.79 58.58 OK
r-release-macos-arm64 0.1.5 27.00 OK
r-release-macos-x86_64 0.1.5 39.00 OK
r-release-windows-x86_64 0.1.5 11.00 72.00 83.00 OK
r-oldrel-macos-arm64 0.1.5 30.00 OK
r-oldrel-windows-x86_64 0.1.5 10.00 73.00 83.00 OK

Check Details

Version: 0.1.5
Check: Rd files
Result: NOTE checkRd: (-1) speech_recompiler.Rd:25: Lost braces; missing escapes or markup? 25 | The default compilation is that of \ code {speech_build (., compiler = TRUE}). | ^ Flavors: r-devel-linux-x86_64-debian-clang, r-devel-linux-x86_64-debian-gcc, r-devel-linux-x86_64-fedora-clang, r-devel-linux-x86_64-fedora-gcc