CRAN Package Check Results for Package spemd

Last updated on 2024-02-28 08:54:43 CET.

Flavor Version Tinstall Tcheck Ttotal Status Flags
r-devel-linux-x86_64-debian-clang 0.1-1 6.56 69.14 75.70 NOTE
r-devel-linux-x86_64-debian-gcc 0.1-1 4.96 53.56 58.52 NOTE
r-devel-linux-x86_64-fedora-clang 0.1-1 91.44 NOTE
r-devel-linux-x86_64-fedora-gcc 0.1-1 93.09 NOTE
r-devel-windows-x86_64 0.1-1 7.00 69.00 76.00 NOTE
r-patched-linux-x86_64 0.1-1 6.53 68.56 75.09 NOTE
r-release-linux-x86_64 0.1-1 5.69 68.10 73.79 NOTE
r-release-macos-arm64 0.1-1 34.00 NOTE
r-release-macos-x86_64 0.1-1 49.00 NOTE
r-release-windows-x86_64 0.1-1 9.00 76.00 85.00 NOTE
r-oldrel-macos-arm64 0.1-1 90.00 NOTE
r-oldrel-windows-x86_64 0.1-1 10.00 81.00 91.00 NOTE

Check Details

Version: 0.1-1
Check: LazyData
Result: NOTE 'LazyData' is specified without a 'data' directory Flavors: r-devel-linux-x86_64-debian-clang, r-devel-linux-x86_64-debian-gcc, r-devel-linux-x86_64-fedora-clang, r-devel-linux-x86_64-fedora-gcc, r-devel-windows-x86_64, r-patched-linux-x86_64, r-release-linux-x86_64, r-release-macos-arm64, r-release-macos-x86_64, r-release-windows-x86_64, r-oldrel-macos-arm64, r-oldrel-windows-x86_64

Version: 0.1-1
Check: for non-standard things in the check directory
Result: NOTE Found the following files/directories: ‘.neig’ Flavors: r-devel-linux-x86_64-debian-clang, r-devel-linux-x86_64-debian-gcc, r-devel-linux-x86_64-fedora-clang, r-devel-linux-x86_64-fedora-gcc, r-patched-linux-x86_64, r-release-linux-x86_64