CRAN Package Check Results for Package sphunif

Last updated on 2024-03-03 01:00:57 CET.

Flavor Version Tinstall Tcheck Ttotal Status Flags
r-devel-linux-x86_64-debian-clang 1.3.0 212.89 189.44 402.33 OK
r-devel-linux-x86_64-debian-gcc 1.3.0 172.15 134.47 306.62 OK
r-devel-linux-x86_64-fedora-clang 1.3.0 543.82 NOTE
r-devel-linux-x86_64-fedora-gcc 1.3.0 576.56 NOTE
r-devel-windows-x86_64 1.3.0 156.00 280.00 436.00 OK
r-patched-linux-x86_64 1.3.0 198.92 184.61 383.53 OK
r-release-linux-x86_64 1.3.0 215.47 183.06 398.53 OK
r-release-macos-arm64 1.3.0 179.00 NOTE
r-release-macos-x86_64 1.3.0 306.00 NOTE
r-release-windows-x86_64 1.3.0 200.00 308.00 508.00 OK
r-oldrel-macos-arm64 1.3.0 161.00 NOTE
r-oldrel-windows-x86_64 1.3.0 190.00 300.00 490.00 OK

Check Details

Version: 1.3.0
Check: data for non-ASCII characters
Result: NOTE Note: found 189 marked UTF-8 strings Flavors: r-devel-linux-x86_64-fedora-clang, r-devel-linux-x86_64-fedora-gcc

Version: 1.3.0
Check: installed package size
Result: NOTE installed size is 17.3Mb sub-directories of 1Mb or more: libs 16.2Mb Flavors: r-release-macos-arm64, r-release-macos-x86_64, r-oldrel-macos-arm64