Last updated on 2024-08-31 17:49:08 CEST.
Flavor | Version | Tinstall | Tcheck | Ttotal | Status | Flags |
---|---|---|---|---|---|---|
r-devel-linux-x86_64-debian-clang | 1.4.0 | 130.74 | 148.33 | 279.07 | NOTE | |
r-devel-linux-x86_64-debian-gcc | 1.4.0 | 101.29 | 101.04 | 202.33 | NOTE | |
r-devel-linux-x86_64-fedora-clang | 1.4.0 | 516.67 | NOTE | |||
r-devel-linux-x86_64-fedora-gcc | 1.4.0 | 564.46 | NOTE | |||
r-devel-windows-x86_64 | 1.4.0 | 141.00 | 390.00 | 531.00 | NOTE | |
r-patched-linux-x86_64 | 1.4.0 | 146.99 | 141.37 | 288.36 | OK | |
r-release-linux-x86_64 | 1.4.0 | 138.37 | 140.43 | 278.80 | OK | |
r-release-macos-arm64 | 1.4.0 | 226.00 | NOTE | |||
r-release-macos-x86_64 | 1.4.0 | 307.00 | NOTE | |||
r-release-windows-x86_64 | 1.4.0 | 140.00 | 407.00 | 547.00 | OK | |
r-oldrel-macos-arm64 | 1.4.0 | 235.00 | NOTE | |||
r-oldrel-macos-x86_64 | 1.4.0 | 314.00 | NOTE | |||
r-oldrel-windows-x86_64 | 1.4.0 | 166.00 | 424.00 | 590.00 | OK |
Version: 1.4.0
Check: Rd cross-references
Result: NOTE
Found the following Rd file(s) with Rd \link{} targets missing package
anchors:
F_from_f.Rd: tang-norm-decomp
Please provide package anchors for all Rd \link{} targets not in the
package itself and the base packages.
Flavors: r-devel-linux-x86_64-debian-clang, r-devel-linux-x86_64-debian-gcc, r-devel-windows-x86_64
Version: 1.4.0
Check: data for non-ASCII characters
Result: NOTE
Note: found 189 marked UTF-8 strings
Flavors: r-devel-linux-x86_64-fedora-clang, r-devel-linux-x86_64-fedora-gcc
Version: 1.4.0
Check: installed package size
Result: NOTE
installed size is 17.3Mb
sub-directories of 1Mb or more:
libs 16.2Mb
Flavors: r-release-macos-arm64, r-release-macos-x86_64, r-oldrel-macos-arm64, r-oldrel-macos-x86_64