CRAN Package Check Results for Package spnn

Last updated on 2024-07-23 16:49:18 CEST.

Flavor Version Tinstall Tcheck Ttotal Status Flags
r-devel-linux-x86_64-debian-clang 1.2.1 28.61 29.05 57.66 NOTE
r-devel-linux-x86_64-debian-gcc 1.2.1 15.17 21.94 37.11 NOTE
r-devel-linux-x86_64-fedora-clang 1.2.1 85.06 NOTE
r-devel-linux-x86_64-fedora-gcc 1.2.1 71.77 NOTE
r-devel-windows-x86_64 1.2.1 22.00 61.00 83.00 NOTE
r-patched-linux-x86_64 1.2.1 26.26 27.63 53.89 NOTE
r-release-linux-x86_64 1.2.1 24.14 27.84 51.98 NOTE
r-release-macos-arm64 1.2.1 24.00 NOTE
r-release-macos-x86_64 1.2.1 36.00 NOTE
r-release-windows-x86_64 1.2.1 25.00 64.00 89.00 NOTE
r-oldrel-macos-arm64 1.2.1 25.00 NOTE
r-oldrel-macos-x86_64 1.2.1 41.00 NOTE
r-oldrel-windows-x86_64 1.2.1 25.00 74.00 99.00 NOTE

Check Details

Version: 1.2.1
Check: C++ specification
Result: NOTE Specified C++11: please drop specification unless essential Flavors: r-devel-linux-x86_64-debian-clang, r-devel-linux-x86_64-debian-gcc, r-devel-linux-x86_64-fedora-clang, r-devel-linux-x86_64-fedora-gcc, r-devel-windows-x86_64, r-patched-linux-x86_64, r-release-linux-x86_64, r-release-macos-arm64, r-release-macos-x86_64, r-release-windows-x86_64, r-oldrel-macos-arm64, r-oldrel-macos-x86_64, r-oldrel-windows-x86_64

Version: 1.2.1
Check: Rd files
Result: NOTE checkRd: (-1) spnn-package.Rd:15: Lost braces in \itemize; meant \describe ? checkRd: (-1) spnn-package.Rd:16: Lost braces in \itemize; meant \describe ? checkRd: (-1) spnn-package.Rd:17: Lost braces in \itemize; meant \describe ? checkRd: (-1) spnn-package.Rd:18: Lost braces in \itemize; meant \describe ? Flavors: r-devel-linux-x86_64-debian-clang, r-devel-linux-x86_64-debian-gcc, r-devel-linux-x86_64-fedora-clang, r-devel-linux-x86_64-fedora-gcc, r-devel-windows-x86_64, r-patched-linux-x86_64, r-release-linux-x86_64, r-release-macos-arm64, r-release-macos-x86_64, r-release-windows-x86_64