CRAN Package Check Results for Package spnn

Last updated on 2024-02-22 08:54:22 CET.

Flavor Version Tinstall Tcheck Ttotal Status Flags
r-devel-linux-x86_64-debian-clang 1.2.1 NOTE
r-devel-linux-x86_64-debian-gcc 1.2.1 26.22 21.81 48.03 NOTE
r-devel-linux-x86_64-fedora-clang 1.2.1 83.32 NOTE
r-devel-linux-x86_64-fedora-gcc 1.2.1 81.19 NOTE
r-devel-windows-x86_64 1.2.1 25.00 62.00 87.00 NOTE
r-patched-linux-x86_64 1.2.1 30.24 27.43 57.67 NOTE
r-release-linux-x86_64 1.2.1 30.67 27.44 58.11 NOTE
r-release-macos-arm64 1.2.1 25.00 NOTE
r-release-macos-x86_64 1.2.1 41.00 NOTE
r-release-windows-x86_64 1.2.1 33.00 71.00 104.00 NOTE
r-oldrel-macos-arm64 1.2.1 28.00 OK
r-oldrel-windows-x86_64 1.2.1 31.00 70.00 101.00 OK

Check Details

Version: 1.2.1
Check: C++ specification
Result: NOTE Specified C++11: please drop specification unless essential Flavors: r-devel-linux-x86_64-debian-clang, r-devel-linux-x86_64-debian-gcc, r-devel-linux-x86_64-fedora-clang, r-devel-linux-x86_64-fedora-gcc, r-devel-windows-x86_64, r-patched-linux-x86_64, r-release-linux-x86_64, r-release-macos-arm64, r-release-macos-x86_64, r-release-windows-x86_64

Version: 1.2.1
Check: Rd files
Result: NOTE checkRd: (-1) spnn-package.Rd:15: Lost braces in \itemize; meant \describe ? checkRd: (-1) spnn-package.Rd:16: Lost braces in \itemize; meant \describe ? checkRd: (-1) spnn-package.Rd:17: Lost braces in \itemize; meant \describe ? checkRd: (-1) spnn-package.Rd:18: Lost braces in \itemize; meant \describe ? Flavors: r-devel-linux-x86_64-debian-clang, r-devel-linux-x86_64-debian-gcc