CRAN Package Check Results for Package sprintr

Last updated on 2024-02-28 00:56:34 CET.

Flavor Version Tinstall Tcheck Ttotal Status Flags
r-devel-linux-x86_64-debian-clang 0.9.0 34.22 85.00 119.22 NOTE
r-devel-linux-x86_64-debian-gcc 0.9.0 28.25 64.10 92.35 NOTE
r-devel-linux-x86_64-fedora-clang 0.9.0 154.96 NOTE
r-devel-linux-x86_64-fedora-gcc 0.9.0 165.28 NOTE
r-devel-windows-x86_64 0.9.0 30.00 101.00 131.00 NOTE
r-patched-linux-x86_64 0.9.0 39.82 81.91 121.73 NOTE
r-release-linux-x86_64 0.9.0 34.49 82.20 116.69 NOTE
r-release-macos-arm64 0.9.0 53.00 NOTE
r-release-macos-x86_64 0.9.0 87.00 NOTE
r-release-windows-x86_64 0.9.0 38.00 120.00 158.00 NOTE
r-oldrel-macos-arm64 0.9.0 46.00 OK
r-oldrel-windows-x86_64 0.9.0 38.00 123.00 161.00 OK

Check Details

Version: 0.9.0
Check: C++ specification
Result: NOTE Specified C++11: please drop specification unless essential Flavors: r-devel-linux-x86_64-debian-clang, r-devel-linux-x86_64-debian-gcc, r-devel-linux-x86_64-fedora-clang, r-devel-linux-x86_64-fedora-gcc, r-devel-windows-x86_64, r-patched-linux-x86_64, r-release-linux-x86_64, r-release-macos-arm64, r-release-macos-x86_64, r-release-windows-x86_64