Last updated on 2024-05-06 00:53:02 CEST.
Flavor | Version | Tinstall | Tcheck | Ttotal | Status | Flags |
---|---|---|---|---|---|---|
r-devel-linux-x86_64-debian-clang | 1.0.2.5 | 27.22 | 188.13 | 215.35 | NOTE | |
r-devel-linux-x86_64-debian-gcc | 1.0.2.5 | 17.84 | 135.66 | 153.50 | NOTE | |
r-devel-linux-x86_64-fedora-clang | 1.0.2.5 | 261.70 | NOTE | |||
r-devel-linux-x86_64-fedora-gcc | 1.0.2.5 | 270.29 | NOTE | |||
r-devel-windows-x86_64 | 1.0.2.5 | 23.00 | 145.00 | 168.00 | NOTE | |
r-patched-linux-x86_64 | 1.0.2.5 | 27.30 | 176.96 | 204.26 | NOTE | |
r-release-linux-x86_64 | 1.0.2.5 | 17.96 | 175.22 | 193.18 | NOTE | |
r-release-macos-arm64 | 1.0.2.5 | 77.00 | NOTE | |||
r-release-windows-x86_64 | 1.0.2.5 | 23.00 | 140.00 | 163.00 | NOTE | |
r-oldrel-macos-arm64 | 1.0.2.5 | 83.00 | OK | |||
r-oldrel-macos-x86_64 | 1.0.2.5 | 134.00 | OK | |||
r-oldrel-windows-x86_64 | 1.0.2.5 | 26.00 | 181.00 | 207.00 | OK |
Version: 1.0.2.5
Check: Rd files
Result: NOTE
checkRd: (-1) impactspsur.Rd:42: Lost braces; missing escapes or markup?
42 | and a matching \code{Qres} list attribute if {Q} was given.
| ^
checkRd: (-1) spsur3sls.Rd:158: Lost braces; missing escapes or markup?
158 | the matrix of regressors, of order \emph{(Nxp_{g})}. Moreover,
| ^
checkRd: (-1) spsurgs3sls.Rd:67: Lost braces; missing escapes or markup?
67 | \item{het}{default {FALSE}: if {TRUE} uses the methods
| ^
checkRd: (-1) spsurgs3sls.Rd:67: Lost braces; missing escapes or markup?
67 | \item{het}{default {FALSE}: if {TRUE} uses the methods
| ^
Flavors: r-devel-linux-x86_64-debian-clang, r-devel-linux-x86_64-debian-gcc, r-devel-linux-x86_64-fedora-clang, r-devel-linux-x86_64-fedora-gcc, r-devel-windows-x86_64, r-patched-linux-x86_64, r-release-linux-x86_64, r-release-macos-arm64, r-release-windows-x86_64