Last updated on 2023-10-04 00:58:38 CEST.
Flavor | Version | Tinstall | Tcheck | Ttotal | Status | Flags |
---|---|---|---|---|---|---|
r-devel-linux-x86_64-debian-clang | 5.5.0 | 33.31 | 435.92 | 469.23 | OK | |
r-devel-linux-x86_64-debian-gcc | 5.5.0 | 26.46 | 316.07 | 342.53 | OK | |
r-devel-linux-x86_64-fedora-clang | 5.5.0 | 579.68 | NOTE | |||
r-devel-linux-x86_64-fedora-gcc | 5.5.0 | 578.88 | OK | |||
r-devel-windows-x86_64 | 5.5.0 | 32.00 | 307.00 | 339.00 | NOTE | |
r-patched-linux-x86_64 | 5.5.0 | 37.22 | 417.51 | 454.73 | OK | |
r-release-linux-x86_64 | 5.5.0 | 30.66 | 416.92 | 447.58 | OK | |
r-release-macos-arm64 | 5.5.0 | 141.00 | NOTE | |||
r-release-macos-x86_64 | 5.5.0 | 252.00 | NOTE | |||
r-release-windows-x86_64 | 5.5.0 | 40.00 | 406.00 | 446.00 | NOTE | |
r-oldrel-macos-arm64 | 5.5.0 | 120.00 | NOTE | |||
r-oldrel-macos-x86_64 | 5.5.0 | 175.00 | NOTE | |||
r-oldrel-windows-x86_64 | 5.5.0 | 42.00 | 379.00 | 421.00 | NOTE |
Version: 5.5.0
Check: installed package size
Result: NOTE
installed size is 7.7Mb
sub-directories of 1Mb or more:
doc 6.1Mb
Flavors: r-devel-linux-x86_64-fedora-clang, r-devel-windows-x86_64, r-release-macos-arm64, r-release-macos-x86_64, r-release-windows-x86_64, r-oldrel-macos-arm64, r-oldrel-macos-x86_64, r-oldrel-windows-x86_64