CRAN Package Check Results for Package squeezy

Last updated on 2024-02-25 16:52:00 CET.

Flavor Version Tinstall Tcheck Ttotal Status Flags
r-devel-linux-x86_64-debian-clang 1.1-1 8.65 86.04 94.69 OK
r-devel-linux-x86_64-debian-gcc 1.1-1 6.90 66.48 73.38 OK
r-devel-linux-x86_64-fedora-clang 1.1-1 117.64 OK
r-devel-linux-x86_64-fedora-gcc 1.1-1 114.16 OK
r-devel-windows-x86_64 1.1-1 8.00 82.00 90.00 OK
r-patched-linux-x86_64 1.1-1 10.04 85.19 95.23 OK
r-release-linux-x86_64 1.1-1 8.84 85.64 94.48 OK
r-release-macos-arm64 1.1-1 38.00 OK
r-release-macos-x86_64 1.1-1 64.00 NOTE
r-release-windows-x86_64 1.1-1 11.00 99.00 110.00 OK
r-oldrel-macos-arm64 1.1-1 39.00 OK
r-oldrel-windows-x86_64 1.1-1 11.00 100.00 111.00 OK

Check Details

Version: 1.1-1
Check: package dependencies
Result: NOTE Package suggested but not available for checking: ‘ecpc’ Flavor: r-release-macos-x86_64