CRAN Package Check Results for Package squid

Last updated on 2024-02-25 08:53:15 CET.

Flavor Version Tinstall Tcheck Ttotal Status Flags
r-devel-linux-x86_64-debian-clang 0.2.1 5.25 41.35 46.60 NOTE
r-devel-linux-x86_64-debian-gcc 0.2.1 3.49 30.87 34.36 NOTE
r-devel-linux-x86_64-fedora-clang 0.2.1 59.32 NOTE
r-devel-linux-x86_64-fedora-gcc 0.2.1 56.62 NOTE
r-devel-windows-x86_64 0.2.1 7.00 51.00 58.00 NOTE
r-patched-linux-x86_64 0.2.1 4.84 39.29 44.13 OK
r-release-linux-x86_64 0.2.1 5.03 39.22 44.25 OK
r-release-macos-arm64 0.2.1 24.00 NOTE
r-release-macos-x86_64 0.2.1 30.00 NOTE
r-release-windows-x86_64 0.2.1 9.00 56.00 65.00 NOTE
r-oldrel-macos-arm64 0.2.1 25.00 NOTE
r-oldrel-windows-x86_64 0.2.1 8.00 61.00 69.00 NOTE

Check Details

Version: 0.2.1
Check: Rd files
Result: NOTE checkRd: (-1) squidR.Rd:83: Lost braces; missing escapes or markup? 83 | \item \code{X1_sto_shared} (default \code{TRUE}): {logical}; if \code{TRUE}, the stochastic environmental effect included in the environmental effect x1 will be shared between individuals. If \code{FALSE}, each individual will experience a different stochastic environmental effect x1 (i.e. a new stochastic environmental effect is generated for each individual). | ^ Flavors: r-devel-linux-x86_64-debian-clang, r-devel-linux-x86_64-debian-gcc, r-devel-linux-x86_64-fedora-gcc

Version: 0.2.1
Check: installed package size
Result: NOTE installed size is 5.8Mb sub-directories of 1Mb or more: shiny-squid 5.6Mb Flavors: r-devel-linux-x86_64-fedora-clang, r-devel-windows-x86_64, r-release-macos-arm64, r-release-macos-x86_64, r-release-windows-x86_64, r-oldrel-macos-arm64, r-oldrel-windows-x86_64

Version: 0.2.1
Check: dependencies in R code
Result: NOTE Namespaces in Imports field not imported from: ‘arm’ ‘brms’ ‘lme4’ ‘plotly’ ‘shinyMatrix’ All declared Imports should be used. Flavors: r-devel-linux-x86_64-fedora-clang, r-devel-linux-x86_64-fedora-gcc, r-oldrel-macos-arm64