CRAN Package Check Results for Package ssdtools

Last updated on 2024-03-01 08:53:12 CET.

Flavor Version Tinstall Tcheck Ttotal Status Flags
r-devel-linux-x86_64-debian-clang 1.0.6 115.53 364.26 479.79 OK
r-devel-linux-x86_64-debian-gcc 1.0.6 127.59 286.93 414.52 OK
r-devel-linux-x86_64-fedora-clang 1.0.6 484.62 OK
r-devel-linux-x86_64-fedora-gcc 1.0.6 573.24 OK
r-devel-windows-x86_64 1.0.6 95.00 435.00 530.00 NOTE
r-patched-linux-x86_64 1.0.6 131.95 378.23 510.18 OK
r-release-linux-x86_64 1.0.6 92.75 370.09 462.84 OK
r-release-macos-arm64 1.0.6 341.00 NOTE
r-release-macos-x86_64 1.0.6 488.00 NOTE
r-release-windows-x86_64 1.0.6 135.00 562.00 697.00 NOTE
r-oldrel-macos-arm64 1.0.6 244.00 NOTE
r-oldrel-windows-x86_64 1.0.6 115.00 541.00 656.00 NOTE

Additional issues

noRemap

Check Details

Version: 1.0.6
Check: installed package size
Result: NOTE installed size is 16.4Mb sub-directories of 1Mb or more: doc 1.2Mb help 1.0Mb libs 13.8Mb Flavors: r-devel-windows-x86_64, r-release-macos-arm64, r-release-macos-x86_64, r-release-windows-x86_64, r-oldrel-macos-arm64, r-oldrel-windows-x86_64