CRAN Package Check Results for Package stabiliser

Last updated on 2024-03-03 01:00:58 CET.

Flavor Version Tinstall Tcheck Ttotal Status Flags
r-devel-linux-x86_64-debian-clang 1.0.6 23.90 393.25 417.15 OK
r-devel-linux-x86_64-debian-gcc 1.0.6 16.48 310.85 327.33 OK
r-devel-linux-x86_64-fedora-clang 1.0.6 513.05 NOTE
r-devel-linux-x86_64-fedora-gcc 1.0.6 553.52 NOTE
r-devel-windows-x86_64 1.0.6 19.00 286.00 305.00 OK
r-patched-linux-x86_64 1.0.6 22.40 410.31 432.71 OK
r-release-linux-x86_64 1.0.6 14.57 407.72 422.29 OK
r-release-macos-arm64 1.0.6 171.00 OK
r-release-macos-x86_64 1.0.6 235.00 OK
r-release-windows-x86_64 1.0.6 26.00 380.00 406.00 OK
r-oldrel-macos-arm64 1.0.6 161.00 OK
r-oldrel-windows-x86_64 1.0.6 25.00 390.00 415.00 OK

Check Details

Version: 1.0.6
Check: dependencies in R code
Result: NOTE Namespace in Imports field not imported from: ‘knitr’ All declared Imports should be used. Flavors: r-devel-linux-x86_64-fedora-clang, r-devel-linux-x86_64-fedora-gcc