Last updated on 2024-05-11 16:49:30 CEST.
Flavor | Version | Tinstall | Tcheck | Ttotal | Status | Flags |
---|---|---|---|---|---|---|
r-devel-linux-x86_64-debian-clang | 3.2.2 | 11.58 | 168.22 | 179.80 | NOTE | |
r-devel-linux-x86_64-debian-gcc | 3.2.2 | 6.74 | 130.28 | 137.02 | NOTE | |
r-devel-linux-x86_64-fedora-clang | 3.2.2 | 193.56 | NOTE | |||
r-devel-linux-x86_64-fedora-gcc | 3.2.2 | 260.48 | NOTE | |||
r-devel-windows-x86_64 | 3.2.2 | 9.00 | 149.00 | 158.00 | NOTE | |
r-patched-linux-x86_64 | 3.2.2 | 10.72 | 169.63 | 180.35 | NOTE | |
r-release-linux-x86_64 | 3.2.2 | 9.13 | 169.11 | 178.24 | NOTE | |
r-release-macos-arm64 | 3.2.2 | 150.00 | NOTE | |||
r-release-windows-x86_64 | 3.2.2 | 9.00 | 144.00 | 153.00 | NOTE | |
r-oldrel-macos-arm64 | 3.2.2 | 76.00 | OK | |||
r-oldrel-macos-x86_64 | 3.2.2 | 372.00 | OK | |||
r-oldrel-windows-x86_64 | 3.2.2 | 11.00 | 156.00 | 167.00 | OK |
Version: 3.2.2
Check: Rd files
Result: NOTE
checkRd: (-1) get_fields.Rd:27: Lost braces
27 | codes, the function will return a warning by default, suggesting setting \code{convert_field_names} to code{TRUE}.
| ^
checkRd: (-1) identify_form_fields.Rd:34: Lost braces
34 | codes, the function will return a warning by default, suggesting setting \code{convert_field_names} to code{TRUE}.
| ^
Flavors: r-devel-linux-x86_64-debian-clang, r-devel-linux-x86_64-debian-gcc, r-devel-linux-x86_64-fedora-clang, r-devel-linux-x86_64-fedora-gcc, r-devel-windows-x86_64, r-patched-linux-x86_64, r-release-linux-x86_64, r-release-macos-arm64, r-release-windows-x86_64