CRAN Package Check Results for Package starma

Last updated on 2024-02-21 00:54:42 CET.

Flavor Version Tinstall Tcheck Ttotal Status Flags
r-devel-linux-x86_64-debian-clang 1.3 OK
r-devel-linux-x86_64-debian-gcc 1.3 45.62 50.99 96.61 OK
r-devel-linux-x86_64-fedora-clang 1.3 167.24 NOTE
r-devel-linux-x86_64-fedora-gcc 1.3 172.98 NOTE
r-devel-windows-x86_64 1.3 47.00 90.00 137.00 OK
r-patched-linux-x86_64 1.3 55.03 65.57 120.60 OK
r-release-linux-x86_64 1.3 53.66 65.11 118.77 OK
r-release-macos-arm64 1.3 50.00 OK
r-release-macos-x86_64 1.3 81.00 OK
r-release-windows-x86_64 1.3 56.00 106.00 162.00 OK
r-oldrel-macos-arm64 1.3 49.00 OK
r-oldrel-windows-x86_64 1.3 57.00 103.00 160.00 OK

Check Details

Version: 1.3
Check: compiled code
Result: NOTE File ‘starma/libs/starma.so’: Found no calls to: ‘R_registerRoutines’, ‘R_useDynamicSymbols’ It is good practice to register native routines and to disable symbol search. See ‘Writing portable packages’ in the ‘Writing R Extensions’ manual. Flavors: r-devel-linux-x86_64-fedora-clang, r-devel-linux-x86_64-fedora-gcc