Last updated on 2024-04-26 00:56:35 CEST.
Flavor | Version | Tinstall | Tcheck | Ttotal | Status | Flags |
---|---|---|---|---|---|---|
r-devel-linux-x86_64-debian-clang | 0.2.6 | 7.61 | 75.98 | 83.59 | NOTE | |
r-devel-linux-x86_64-debian-gcc | 0.2.6 | 6.07 | 56.58 | 62.65 | NOTE | |
r-devel-linux-x86_64-fedora-clang | 0.2.6 | 104.85 | NOTE | |||
r-devel-linux-x86_64-fedora-gcc | 0.2.6 | 109.51 | NOTE | |||
r-devel-windows-x86_64 | 0.2.6 | 9.00 | 77.00 | 86.00 | NOTE | |
r-patched-linux-x86_64 | 0.2.6 | 5.58 | 70.56 | 76.14 | NOTE | |
r-release-linux-x86_64 | 0.2.6 | 5.13 | 70.26 | 75.39 | OK | |
r-release-macos-arm64 | 0.2.6 | 58.00 | NOTE | |||
r-release-windows-x86_64 | 0.2.6 | 7.00 | 77.00 | 84.00 | NOTE | |
r-oldrel-macos-arm64 | 0.2.6 | 46.00 | OK | |||
r-oldrel-macos-x86_64 | 0.2.6 | 82.00 | OK | |||
r-oldrel-windows-x86_64 | 0.2.6 | 11.00 | 86.00 | 97.00 | OK |
Version: 0.2.6
Check: Rd files
Result: NOTE
checkRd: (-1) statcan_data.Rd:22: Lost braces; missing escapes or markup?
22 | \code{statcan_data()} function has 2 arguments to fulfill to get data: {tableNumber} & {lang}.
| ^
checkRd: (-1) statcan_data.Rd:22: Lost braces; missing escapes or markup?
22 | \code{statcan_data()} function has 2 arguments to fulfill to get data: {tableNumber} & {lang}.
| ^
checkRd: (-1) statcan_search.Rd:18: Lost braces; missing escapes or markup?
18 | The \code{statcan_search()} function has 2 arguments to fulfill to find a database: {keywords} and {lang}.
| ^
checkRd: (-1) statcan_search.Rd:18: Lost braces; missing escapes or markup?
18 | The \code{statcan_search()} function has 2 arguments to fulfill to find a database: {keywords} and {lang}.
| ^
Flavors: r-devel-linux-x86_64-debian-clang, r-devel-linux-x86_64-debian-gcc, r-devel-linux-x86_64-fedora-clang, r-devel-linux-x86_64-fedora-gcc, r-devel-windows-x86_64, r-patched-linux-x86_64, r-release-macos-arm64, r-release-windows-x86_64