CRAN Package Check Results for Package statcanR

Last updated on 2024-06-15 00:54:18 CEST.

Flavor Version Tinstall Tcheck Ttotal Status Flags
r-devel-linux-x86_64-debian-clang 0.2.6 8.61 74.99 83.60 NOTE
r-devel-linux-x86_64-debian-gcc 0.2.6 5.78 56.41 62.19 NOTE
r-devel-linux-x86_64-fedora-clang 0.2.6 108.16 NOTE
r-devel-linux-x86_64-fedora-gcc 0.2.6 109.55 NOTE
r-devel-windows-x86_64 0.2.6 7.00 83.00 90.00 NOTE
r-patched-linux-x86_64 0.2.6 6.68 71.87 78.55 NOTE
r-release-linux-x86_64 0.2.6 4.69 71.77 76.46 NOTE
r-release-macos-arm64 0.2.6 58.00 NOTE
r-release-macos-x86_64 0.2.6 87.00 NOTE
r-release-windows-x86_64 0.2.6 11.00 78.00 89.00 NOTE
r-oldrel-macos-arm64 0.2.6 46.00 OK
r-oldrel-macos-x86_64 0.2.6 82.00 OK
r-oldrel-windows-x86_64 0.2.6 11.00 92.00 103.00 OK

Check Details

Version: 0.2.6
Check: Rd files
Result: NOTE checkRd: (-1) statcan_data.Rd:22: Lost braces; missing escapes or markup? 22 | \code{statcan_data()} function has 2 arguments to fulfill to get data: {tableNumber} & {lang}. | ^ checkRd: (-1) statcan_data.Rd:22: Lost braces; missing escapes or markup? 22 | \code{statcan_data()} function has 2 arguments to fulfill to get data: {tableNumber} & {lang}. | ^ checkRd: (-1) statcan_search.Rd:18: Lost braces; missing escapes or markup? 18 | The \code{statcan_search()} function has 2 arguments to fulfill to find a database: {keywords} and {lang}. | ^ checkRd: (-1) statcan_search.Rd:18: Lost braces; missing escapes or markup? 18 | The \code{statcan_search()} function has 2 arguments to fulfill to find a database: {keywords} and {lang}. | ^ Flavors: r-devel-linux-x86_64-debian-clang, r-devel-linux-x86_64-debian-gcc, r-devel-linux-x86_64-fedora-clang, r-devel-linux-x86_64-fedora-gcc, r-devel-windows-x86_64, r-patched-linux-x86_64, r-release-linux-x86_64, r-release-macos-arm64, r-release-macos-x86_64, r-release-windows-x86_64