CRAN Package Check Results for Package statcodelists

Last updated on 2023-10-03 01:05:05 CEST.

Flavor Version Tinstall Tcheck Ttotal Status Flags
r-devel-linux-x86_64-debian-clang 0.9.2 2.33 22.38 24.71 OK
r-devel-linux-x86_64-debian-gcc 0.9.2 1.68 17.79 19.47 OK
r-devel-linux-x86_64-fedora-clang 0.9.2 31.27 NOTE
r-devel-linux-x86_64-fedora-gcc 0.9.2 30.35 NOTE
r-devel-windows-x86_64 0.9.2 4.00 43.00 47.00 OK
r-patched-linux-x86_64 0.9.2 2.83 22.31 25.14 OK
r-release-linux-x86_64 0.9.2 1.54 22.03 23.57 OK
r-release-macos-arm64 0.9.2 18.00 OK
r-release-macos-x86_64 0.9.2 22.00 OK
r-release-windows-x86_64 0.9.2 4.00 44.00 48.00 OK
r-oldrel-macos-arm64 0.9.2 19.00 OK
r-oldrel-macos-x86_64 0.9.2 22.00 NOTE
r-oldrel-windows-x86_64 0.9.2 5.00 42.00 47.00 OK

Check Details

Version: 0.9.2
Check: data for non-ASCII characters
Result: NOTE
     Note: found 1 marked Latin-1 string
     Note: found 18 marked UTF-8 strings
Flavors: r-devel-linux-x86_64-fedora-clang, r-devel-linux-x86_64-fedora-gcc, r-oldrel-macos-x86_64