CRAN Package Check Results for Package statgenHTP

Last updated on 2024-02-27 00:59:30 CET.

Flavor Version Tinstall Tcheck Ttotal Status Flags
r-devel-linux-x86_64-debian-clang 1.0.6.1 16.43 495.42 511.85 NOTE
r-devel-linux-x86_64-debian-gcc 1.0.6.1 14.33 446.86 461.19 NOTE
r-devel-linux-x86_64-fedora-clang 1.0.6.1 735.83 NOTE
r-devel-linux-x86_64-fedora-gcc 1.0.6.1 534.15 NOTE
r-devel-windows-x86_64 1.0.6.1 17.00 367.00 384.00 NOTE
r-patched-linux-x86_64 1.0.6.1 20.71 509.55 530.26 NOTE
r-release-linux-x86_64 1.0.6.1 16.13 571.60 587.73 NOTE
r-release-macos-arm64 1.0.6.1 109.00 NOTE
r-release-macos-x86_64 1.0.6.1 275.00 NOTE
r-release-windows-x86_64 1.0.6.1 24.00 512.00 536.00 NOTE
r-oldrel-macos-arm64 1.0.6.1 120.00 NOTE
r-oldrel-windows-x86_64 1.0.6.1 22.00 567.00 589.00 NOTE

Check Details

Version: 1.0.6.1
Check: package dependencies
Result: NOTE Package suggested but not available for checking: ‘asreml’ Flavors: r-devel-linux-x86_64-debian-clang, r-devel-linux-x86_64-debian-gcc, r-devel-linux-x86_64-fedora-clang, r-devel-linux-x86_64-fedora-gcc, r-devel-windows-x86_64, r-patched-linux-x86_64, r-release-linux-x86_64, r-release-macos-arm64, r-release-macos-x86_64, r-release-windows-x86_64, r-oldrel-macos-arm64, r-oldrel-windows-x86_64

Version: 1.0.6.1
Check: installed package size
Result: NOTE installed size is 5.0Mb sub-directories of 1Mb or more: data 3.5Mb Flavors: r-devel-linux-x86_64-fedora-clang, r-release-macos-arm64, r-release-macos-x86_64, r-oldrel-macos-arm64