CRAN Package Check Results for Package statgenMPP

Last updated on 2024-02-29 00:55:55 CET.

Flavor Version Tinstall Tcheck Ttotal Status Flags
r-devel-linux-x86_64-debian-clang 1.0.2 7.14 221.99 229.13 NOTE
r-devel-linux-x86_64-debian-gcc 1.0.2 5.14 159.10 164.24 NOTE
r-devel-linux-x86_64-fedora-clang 1.0.2 270.84 NOTE
r-devel-linux-x86_64-fedora-gcc 1.0.2 274.82 NOTE
r-devel-windows-x86_64 1.0.2 6.00 176.00 182.00 OK
r-patched-linux-x86_64 1.0.2 5.58 205.75 211.33 OK
r-release-linux-x86_64 1.0.2 4.13 211.95 216.08 OK
r-release-macos-arm64 1.0.2 94.00 OK
r-release-macos-x86_64 1.0.2 150.00 OK
r-release-windows-x86_64 1.0.2 8.00 228.00 236.00 OK
r-oldrel-macos-arm64 1.0.2 79.00 OK
r-oldrel-windows-x86_64 1.0.2 10.00 228.00 238.00 OK

Check Details

Version: 1.0.2
Check: Rd files
Result: NOTE checkRd: (-1) plot.QTLMPP.Rd:33-34: Lost braces in \itemize; meant \describe ? checkRd: (-1) plot.QTLMPP.Rd:35: Lost braces in \itemize; meant \describe ? checkRd: (-1) plot.QTLMPP.Rd:36: Lost braces in \itemize; meant \describe ? checkRd: (-1) plot.QTLMPP.Rd:37-38: Lost braces in \itemize; meant \describe ? checkRd: (-1) plot.gDataMPP.Rd:40: Lost braces in \itemize; meant \describe ? checkRd: (-1) plot.gDataMPP.Rd:41-42: Lost braces in \itemize; meant \describe ? checkRd: (-1) plot.gDataMPP.Rd:43-44: Lost braces in \itemize; meant \describe ? checkRd: (-1) plot.gDataMPP.Rd:45-46: Lost braces in \itemize; meant \describe ? Flavors: r-devel-linux-x86_64-debian-clang, r-devel-linux-x86_64-debian-gcc, r-devel-linux-x86_64-fedora-clang, r-devel-linux-x86_64-fedora-gcc