CRAN Package Check Results for Package statgenSTA

Last updated on 2024-02-27 08:55:31 CET.

Flavor Version Tinstall Tcheck Ttotal Status Flags
r-devel-linux-x86_64-debian-clang 1.0.12 13.15 249.54 262.69 NOTE
r-devel-linux-x86_64-debian-gcc 1.0.12 10.62 214.65 225.27 NOTE
r-devel-linux-x86_64-fedora-clang 1.0.12 357.94 NOTE
r-devel-linux-x86_64-fedora-gcc 1.0.12 322.62 NOTE
r-devel-windows-x86_64 1.0.12 11.00 193.00 204.00 NOTE
r-patched-linux-x86_64 1.0.12 8.91 245.67 254.58 NOTE
r-release-linux-x86_64 1.0.12 8.95 277.05 286.00 NOTE
r-release-macos-arm64 1.0.12 105.00 NOTE
r-release-macos-x86_64 1.0.12 243.00 NOTE
r-release-windows-x86_64 1.0.12 15.00 277.00 292.00 NOTE
r-oldrel-macos-arm64 1.0.12 94.00 NOTE
r-oldrel-windows-x86_64 1.0.12 15.00 267.00 282.00 NOTE

Check Details

Version: 1.0.12
Check: package dependencies
Result: NOTE Package suggested but not available for checking: ‘asreml’ Flavors: r-devel-linux-x86_64-debian-clang, r-devel-linux-x86_64-debian-gcc, r-devel-linux-x86_64-fedora-clang, r-devel-linux-x86_64-fedora-gcc, r-devel-windows-x86_64, r-patched-linux-x86_64, r-release-linux-x86_64, r-release-macos-arm64, r-release-macos-x86_64, r-release-windows-x86_64, r-oldrel-macos-arm64, r-oldrel-windows-x86_64

Version: 1.0.12
Check: dependencies in R code
Result: NOTE Namespace in Imports field not imported from: ‘mapproj’ All declared Imports should be used. Flavors: r-devel-linux-x86_64-fedora-clang, r-devel-linux-x86_64-fedora-gcc