CRAN Package Check Results for Package stationaRy

Last updated on 2024-02-23 16:53:32 CET.

Flavor Version Tinstall Tcheck Ttotal Status Flags
r-devel-linux-x86_64-debian-clang 0.5.1 NOTE
r-devel-linux-x86_64-debian-gcc 0.5.1 3.48 60.57 64.05 NOTE
r-devel-linux-x86_64-fedora-clang 0.5.1 95.27 NOTE
r-devel-linux-x86_64-fedora-gcc 0.5.1 96.44 NOTE
r-devel-windows-x86_64 0.5.1 5.00 79.00 84.00 NOTE
r-patched-linux-x86_64 0.5.1 3.55 76.75 80.30 NOTE
r-release-linux-x86_64 0.5.1 2.80 77.69 80.49 NOTE
r-release-macos-arm64 0.5.1 36.00 NOTE
r-release-macos-x86_64 0.5.1 55.00 NOTE
r-release-windows-x86_64 0.5.1 6.00 95.00 101.00 NOTE
r-oldrel-macos-arm64 0.5.1 32.00 NOTE
r-oldrel-windows-x86_64 0.5.1 6.00 93.00 99.00 NOTE

Check Details

Version: 0.5.1
Check: LazyData
Result: NOTE 'LazyData' is specified without a 'data' directory Flavors: r-devel-linux-x86_64-debian-clang, r-devel-linux-x86_64-debian-gcc, r-devel-linux-x86_64-fedora-clang, r-devel-linux-x86_64-fedora-gcc, r-devel-windows-x86_64, r-patched-linux-x86_64, r-release-linux-x86_64, r-release-macos-arm64, r-release-macos-x86_64, r-release-windows-x86_64, r-oldrel-macos-arm64, r-oldrel-windows-x86_64