CRAN Package Check Results for Package stats4teaching

Last updated on 2024-02-28 00:56:35 CET.

Flavor Version Tinstall Tcheck Ttotal Status Flags
r-devel-linux-x86_64-debian-clang 0.1.0 2.85 33.97 36.82 NOTE
r-devel-linux-x86_64-debian-gcc 0.1.0 2.55 25.90 28.45 NOTE
r-devel-linux-x86_64-fedora-clang 0.1.0 45.95 NOTE
r-devel-linux-x86_64-fedora-gcc 0.1.0 44.05 NOTE
r-devel-windows-x86_64 0.1.0 4.00 55.00 59.00 OK
r-patched-linux-x86_64 0.1.0 2.25 32.25 34.50 OK
r-release-linux-x86_64 0.1.0 2.94 32.08 35.02 OK
r-release-macos-arm64 0.1.0 20.00 OK
r-release-macos-x86_64 0.1.0 26.00 OK
r-release-windows-x86_64 0.1.0 5.00 57.00 62.00 OK
r-oldrel-macos-arm64 0.1.0 21.00 OK
r-oldrel-windows-x86_64 0.1.0 6.00 59.00 65.00 OK

Check Details

Version: 0.1.0
Check: Rd files
Result: NOTE checkRd: (-1) sample2indp.pow.Rd:48: Lost braces 48 | Pooled standard deviation= \code{sp} = sqrt{((n1 - 1) sigma1^2 +(n2 - 1) sigma2^2) / (n1 + n2 - 2)} | ^ Flavors: r-devel-linux-x86_64-debian-clang, r-devel-linux-x86_64-debian-gcc, r-devel-linux-x86_64-fedora-clang, r-devel-linux-x86_64-fedora-gcc