CRAN Package Check Results for Package stepR

Last updated on 2024-03-01 00:55:34 CET.

Flavor Version Tinstall Tcheck Ttotal Status Flags
r-devel-linux-x86_64-debian-clang 2.1-9 292.54 354.45 646.99 OK
r-devel-linux-x86_64-debian-gcc 2.1-9 207.14 256.61 463.75 OK
r-devel-linux-x86_64-fedora-clang 2.1-9 892.13 OK
r-devel-linux-x86_64-fedora-gcc 2.1-9 848.56 OK
r-devel-windows-x86_64 2.1-9 203.00 305.00 508.00 OK
r-patched-linux-x86_64 2.1-9 264.63 351.11 615.74 OK
r-release-linux-x86_64 2.1-9 271.76 351.81 623.57 OK
r-release-macos-arm64 2.1-9 184.00 NOTE
r-release-macos-x86_64 2.1-9 376.00 NOTE
r-release-windows-x86_64 2.1-9 267.00 402.00 669.00 OK
r-oldrel-macos-arm64 2.1-9 178.00 NOTE
r-oldrel-windows-x86_64 2.1-9 242.00 397.00 639.00 OK

Additional issues

noRemap

Check Details

Version: 2.1-9
Check: installed package size
Result: NOTE installed size is 6.0Mb sub-directories of 1Mb or more: libs 4.8Mb Flavors: r-release-macos-arm64, r-release-macos-x86_64, r-oldrel-macos-arm64