CRAN Package Check Results for Package stochprofML

Last updated on 2024-02-29 00:55:55 CET.

Flavor Version Tinstall Tcheck Ttotal Status Flags
r-devel-linux-x86_64-debian-clang 2.0.3 7.87 54.68 62.55 NOTE
r-devel-linux-x86_64-debian-gcc 2.0.3 6.32 40.37 46.69 NOTE
r-devel-linux-x86_64-fedora-clang 2.0.3 77.25 NOTE
r-devel-linux-x86_64-fedora-gcc 2.0.3 74.81 NOTE
r-devel-windows-x86_64 2.0.3 7.00 59.00 66.00 NOTE
r-patched-linux-x86_64 2.0.3 7.61 51.76 59.37 OK
r-release-linux-x86_64 2.0.3 8.03 52.44 60.47 OK
r-release-macos-arm64 2.0.3 24.00 OK
r-release-macos-x86_64 2.0.3 37.00 OK
r-release-windows-x86_64 2.0.3 7.00 63.00 70.00 OK
r-oldrel-macos-arm64 2.0.3 24.00 OK
r-oldrel-windows-x86_64 2.0.3 11.00 69.00 80.00 OK

Check Details

Version: 2.0.3
Check: Rd contents
Result: NOTE Argument items with no description in Rd file 'd.sum.of.mixtures.EXPLN.Rd': ‘p.vector’ Flavors: r-devel-linux-x86_64-debian-clang, r-devel-linux-x86_64-debian-gcc, r-devel-linux-x86_64-fedora-clang, r-devel-linux-x86_64-fedora-gcc, r-devel-windows-x86_64