CRAN Package Check Results for Package storr

Last updated on 2024-03-03 01:00:58 CET.

Flavor Version Tinstall Tcheck Ttotal Status Flags
r-devel-linux-x86_64-debian-clang 1.2.5 7.99 65.28 73.27 NOTE
r-devel-linux-x86_64-debian-gcc 1.2.5 7.26 50.61 57.87 NOTE
r-devel-linux-x86_64-fedora-clang 1.2.5 92.96 NOTE
r-devel-linux-x86_64-fedora-gcc 1.2.5 101.19 NOTE
r-devel-windows-x86_64 1.2.5 10.00 76.00 86.00 NOTE
r-patched-linux-x86_64 1.2.5 10.70 64.35 75.05 NOTE
r-release-linux-x86_64 1.2.5 8.38 65.43 73.81 NOTE
r-release-macos-arm64 1.2.5 37.00 NOTE
r-release-macos-x86_64 1.2.5 61.00 NOTE
r-release-windows-x86_64 1.2.5 12.00 86.00 98.00 NOTE
r-oldrel-macos-arm64 1.2.5 32.00 NOTE
r-oldrel-windows-x86_64 1.2.5 13.00 86.00 99.00 NOTE

Check Details

Version: 1.2.5
Check: LazyData
Result: NOTE 'LazyData' is specified without a 'data' directory Flavors: r-devel-linux-x86_64-debian-clang, r-devel-linux-x86_64-debian-gcc, r-devel-linux-x86_64-fedora-clang, r-devel-linux-x86_64-fedora-gcc, r-devel-windows-x86_64, r-patched-linux-x86_64, r-release-linux-x86_64, r-release-macos-arm64, r-release-macos-x86_64, r-release-windows-x86_64, r-oldrel-macos-arm64, r-oldrel-windows-x86_64