CRAN Package Check Results for Package stppSim

Last updated on 2024-02-27 08:55:31 CET.

Flavor Version Tinstall Tcheck Ttotal Status Flags
r-devel-linux-x86_64-debian-clang 1.3.2 51.41 453.14 504.55 OK
r-devel-linux-x86_64-debian-gcc 1.3.2 41.89 331.09 372.98 OK
r-devel-linux-x86_64-fedora-clang 1.3.2 605.33 NOTE
r-devel-linux-x86_64-fedora-gcc 1.3.2 588.42 OK
r-devel-windows-x86_64 1.3.2 42.00 277.00 319.00 OK
r-patched-linux-x86_64 1.3.2 40.93 429.66 470.59 OK
r-release-linux-x86_64 1.3.2 33.68 427.16 460.84 OK
r-release-macos-arm64 1.3.2 156.00 OK
r-release-macos-x86_64 1.3.2 346.00 OK
r-release-windows-x86_64 1.3.2 54.00 371.00 425.00 OK
r-oldrel-macos-arm64 1.3.2 167.00 OK
r-oldrel-windows-x86_64 1.3.2 57.00 369.00 426.00 OK

Check Details

Version: 1.3.2
Check: package dependencies
Result: NOTE Imports includes 25 non-default packages. Importing from so many packages makes the package vulnerable to any of them becoming unavailable. Move as many as possible to Suggests and use conditionally. Flavor: r-devel-linux-x86_64-fedora-clang