CRAN Package Check Results for Package stratEst

Last updated on 2024-02-21 00:54:42 CET.

Flavor Version Tinstall Tcheck Ttotal Status Flags
r-devel-linux-x86_64-debian-clang 1.1.6 OK
r-devel-linux-x86_64-debian-gcc 1.1.6 108.22 49.57 157.79 OK
r-devel-linux-x86_64-fedora-clang 1.1.6 251.23 OK
r-devel-linux-x86_64-fedora-gcc 1.1.6 280.88 OK
r-devel-windows-x86_64 1.1.6 95.00 94.00 189.00 NOTE
r-patched-linux-x86_64 1.1.6 136.43 62.97 199.40 OK
r-release-linux-x86_64 1.1.6 131.23 61.54 192.77 OK
r-release-macos-arm64 1.1.6 91.00 NOTE
r-release-macos-x86_64 1.1.6 133.00 NOTE
r-release-windows-x86_64 1.1.6 125.00 105.00 230.00 NOTE
r-oldrel-macos-arm64 1.1.6 85.00 NOTE
r-oldrel-windows-x86_64 1.1.6 113.00 99.00 212.00 OK

Check Details

Version: 1.1.6
Check: C++ specification
Result: NOTE Specified C++14: please drop specification unless essential Flavors: r-devel-windows-x86_64, r-release-windows-x86_64

Version: 1.1.6
Check: installed package size
Result: NOTE installed size is 10.6Mb sub-directories of 1Mb or more: libs 9.3Mb Flavors: r-release-macos-arm64, r-release-macos-x86_64, r-oldrel-macos-arm64