CRAN Package Check Results for Package stray

Last updated on 2024-02-28 00:56:35 CET.

Flavor Version Tinstall Tcheck Ttotal Status Flags
r-devel-linux-x86_64-debian-clang 0.1.1 4.83 48.35 53.18 OK
r-devel-linux-x86_64-debian-gcc 0.1.1 4.76 37.15 41.91 OK
r-devel-linux-x86_64-fedora-clang 0.1.1 68.45 NOTE
r-devel-linux-x86_64-fedora-gcc 0.1.1 64.14 NOTE
r-devel-windows-x86_64 0.1.1 6.00 57.00 63.00 OK
r-patched-linux-x86_64 0.1.1 4.66 46.22 50.88 OK
r-release-linux-x86_64 0.1.1 3.54 47.23 50.77 OK
r-release-macos-arm64 0.1.1 25.00 OK
r-release-macos-x86_64 0.1.1 40.00 NOTE
r-release-windows-x86_64 0.1.1 8.00 64.00 72.00 OK
r-oldrel-macos-arm64 0.1.1 26.00 NOTE
r-oldrel-windows-x86_64 0.1.1 7.00 68.00 75.00 OK

Check Details

Version: 0.1.1
Check: dependencies in R code
Result: NOTE Namespace in Imports field not imported from: ‘ks’ All declared Imports should be used. Flavors: r-devel-linux-x86_64-fedora-clang, r-devel-linux-x86_64-fedora-gcc, r-oldrel-macos-arm64

Version: 0.1.1
Check: Rd cross-references
Result: NOTE Undeclared package ‘HDoutliers’ in Rd xrefs Flavor: r-devel-linux-x86_64-fedora-clang

Version: 0.1.1
Check: Rd cross-references
Result: NOTE Package unavailable to check Rd xrefs: ‘HDoutliers’ Flavor: r-release-macos-x86_64