CRAN Package Check Results for Package stream

Last updated on 2024-03-03 01:00:58 CET.

Flavor Version Tinstall Tcheck Ttotal Status Flags
r-devel-linux-x86_64-debian-clang 2.0-1 160.55 210.66 371.21 OK
r-devel-linux-x86_64-debian-gcc 2.0-1 124.96 158.49 283.45 OK
r-devel-linux-x86_64-fedora-clang 2.0-1 517.46 OK
r-devel-linux-x86_64-fedora-gcc 2.0-1 487.60 OK
r-devel-windows-x86_64 2.0-1 121.00 249.00 370.00 OK
r-patched-linux-x86_64 2.0-1 148.36 208.87 357.23 OK
r-release-linux-x86_64 2.0-1 153.22 204.29 357.51 OK
r-release-macos-arm64 2.0-1 142.00 NOTE
r-release-macos-x86_64 2.0-1 245.00 NOTE
r-release-windows-x86_64 2.0-1 156.00 292.00 448.00 OK
r-oldrel-macos-arm64 2.0-1 114.00 NOTE
r-oldrel-windows-x86_64 2.0-1 156.00 272.00 428.00 OK

Check Details

Version: 2.0-1
Check: installed package size
Result: NOTE installed size is 13.9Mb sub-directories of 1Mb or more: doc 1.7Mb libs 10.9Mb Flavors: r-release-macos-arm64, r-release-macos-x86_64, r-oldrel-macos-arm64