CRAN Package Check Results for Package stressr

Last updated on 2024-02-25 16:52:00 CET.

Flavor Version Tinstall Tcheck Ttotal Status Flags
r-devel-linux-x86_64-debian-clang 1.0.0 5.14 46.53 51.67 NOTE
r-devel-linux-x86_64-debian-gcc 1.0.0 3.87 35.67 39.54 NOTE
r-devel-linux-x86_64-fedora-clang 1.0.0 63.66 NOTE
r-devel-linux-x86_64-fedora-gcc 1.0.0 60.34 NOTE
r-devel-windows-x86_64 1.0.0 5.00 56.00 61.00 NOTE
r-patched-linux-x86_64 1.0.0 4.50 45.73 50.23 NOTE
r-release-linux-x86_64 1.0.0 4.99 44.68 49.67 NOTE
r-release-macos-arm64 1.0.0 25.00 NOTE
r-release-macos-x86_64 1.0.0 35.00 NOTE
r-release-windows-x86_64 1.0.0 6.00 63.00 69.00 NOTE
r-oldrel-macos-arm64 1.0.0 23.00 NOTE
r-oldrel-windows-x86_64 1.0.0 7.00 75.00 82.00 NOTE

Check Details

Version: 1.0.0
Check: DESCRIPTION meta-information
Result: NOTE Malformed Title field: should not end in a period. Flavors: r-devel-linux-x86_64-debian-clang, r-devel-linux-x86_64-debian-gcc, r-devel-linux-x86_64-fedora-clang, r-devel-linux-x86_64-fedora-gcc, r-devel-windows-x86_64, r-patched-linux-x86_64, r-release-linux-x86_64, r-release-macos-arm64, r-release-macos-x86_64, r-release-windows-x86_64, r-oldrel-macos-arm64, r-oldrel-windows-x86_64