CRAN Package Check Results for Package stringformattr

Last updated on 2024-03-02 00:53:40 CET.

Flavor Version Tinstall Tcheck Ttotal Status Flags
r-devel-linux-x86_64-debian-clang 0.1.2 1.85 22.04 23.89 NOTE
r-devel-linux-x86_64-debian-gcc 0.1.2 1.56 17.26 18.82 NOTE
r-devel-linux-x86_64-fedora-clang 0.1.2 29.84 NOTE
r-devel-linux-x86_64-fedora-gcc 0.1.2 28.72 NOTE
r-devel-windows-x86_64 0.1.2 3.00 44.00 47.00 NOTE
r-patched-linux-x86_64 0.1.2 1.98 21.60 23.58 NOTE
r-release-linux-x86_64 0.1.2 1.78 21.70 23.48 NOTE
r-release-macos-arm64 0.1.2 16.00 NOTE
r-release-macos-x86_64 0.1.2 20.00 NOTE
r-release-windows-x86_64 0.1.2 4.00 44.00 48.00 NOTE
r-oldrel-macos-arm64 0.1.2 16.00 NOTE
r-oldrel-windows-x86_64 0.1.2 3.00 48.00 51.00 NOTE

Check Details

Version: 0.1.2
Check: LazyData
Result: NOTE 'LazyData' is specified without a 'data' directory Flavors: r-devel-linux-x86_64-debian-clang, r-devel-linux-x86_64-debian-gcc, r-devel-linux-x86_64-fedora-clang, r-devel-linux-x86_64-fedora-gcc, r-devel-windows-x86_64, r-patched-linux-x86_64, r-release-linux-x86_64, r-release-macos-arm64, r-release-macos-x86_64, r-release-windows-x86_64, r-oldrel-macos-arm64, r-oldrel-windows-x86_64