CRAN Package Check Results for Package strucchange

Last updated on 2024-02-21 00:54:42 CET.

Flavor Version Tinstall Tcheck Ttotal Status Flags
r-devel-linux-x86_64-debian-clang 1.5-3 NOTE
r-devel-linux-x86_64-debian-gcc 1.5-3 7.53 72.30 79.83 NOTE
r-devel-linux-x86_64-fedora-clang 1.5-3 134.49 NOTE
r-devel-linux-x86_64-fedora-gcc 1.5-3 141.59 NOTE
r-devel-windows-x86_64 1.5-3 12.00 117.00 129.00 NOTE
r-patched-linux-x86_64 1.5-3 12.80 96.62 109.42 NOTE
r-release-linux-x86_64 1.5-3 9.13 97.21 106.34 NOTE
r-release-macos-arm64 1.5-3 49.00 NOTE
r-release-macos-x86_64 1.5-3 79.00 NOTE
r-release-windows-x86_64 1.5-3 15.00 132.00 147.00 NOTE
r-oldrel-macos-arm64 1.5-3 43.00 NOTE
r-oldrel-windows-x86_64 1.5-3 14.00 134.00 148.00 NOTE

Check Details

Version: 1.5-3
Check: R code for possible problems
Result: NOTE efpFunctional: multiple local function definitions for ‘plotProcess’ with different formal arguments mefp.efp: multiple local function definitions for ‘computeEmpProc’ with different formal arguments Flavors: r-devel-linux-x86_64-debian-clang, r-devel-linux-x86_64-debian-gcc, r-devel-linux-x86_64-fedora-clang, r-devel-linux-x86_64-fedora-gcc, r-devel-windows-x86_64, r-patched-linux-x86_64, r-release-linux-x86_64, r-release-macos-arm64, r-release-macos-x86_64, r-release-windows-x86_64, r-oldrel-macos-arm64, r-oldrel-windows-x86_64