Last updated on 2024-05-21 00:57:27 CEST.
Flavor | Version | Tinstall | Tcheck | Ttotal | Status | Flags |
---|---|---|---|---|---|---|
r-devel-linux-x86_64-debian-clang | 0.1 | 7.75 | 98.43 | 106.18 | OK | |
r-devel-linux-x86_64-debian-gcc | 0.1 | 6.09 | 72.88 | 78.97 | OK | |
r-devel-linux-x86_64-fedora-clang | 0.1 | 132.39 | NOTE | |||
r-devel-linux-x86_64-fedora-gcc | 0.1 | 136.53 | NOTE | |||
r-devel-windows-x86_64 | 0.1 | 7.00 | 86.00 | 93.00 | OK | |
r-patched-linux-x86_64 | 0.1 | 7.47 | 92.94 | 100.41 | OK | |
r-release-linux-x86_64 | 0.1 | 7.73 | 91.63 | 99.36 | OK | |
r-release-macos-arm64 | 0.1 | 44.00 | OK | |||
r-release-macos-x86_64 | 0.1 | 124.00 | OK | |||
r-release-windows-x86_64 | 0.1 | 7.00 | 87.00 | 94.00 | OK | |
r-oldrel-macos-arm64 | 0.1 | 49.00 | OK | |||
r-oldrel-macos-x86_64 | 0.1 | 108.00 | OK | |||
r-oldrel-windows-x86_64 | 0.1 | 9.00 | 106.00 | 115.00 | OK |
Version: 0.1
Check: data for non-ASCII characters
Result: NOTE
Note: found 7 marked UTF-8 strings
Flavors: r-devel-linux-x86_64-fedora-clang, r-devel-linux-x86_64-fedora-gcc