CRAN Package Check Results for Package sudachir

Last updated on 2024-05-28 08:54:49 CEST.

Flavor Version Tinstall Tcheck Ttotal Status Flags
r-devel-linux-x86_64-debian-clang 0.1.0 1.54 30.65 32.19 NOTE
r-devel-linux-x86_64-debian-gcc 0.1.0 1.74 22.87 24.61 NOTE
r-devel-linux-x86_64-fedora-clang 0.1.0 41.60 NOTE
r-devel-linux-x86_64-fedora-gcc 0.1.0 40.17 NOTE
r-devel-windows-x86_64 0.1.0 3.00 64.00 67.00 NOTE
r-patched-linux-x86_64 0.1.0 2.28 28.96 31.24 NOTE
r-release-linux-x86_64 0.1.0 2.19 28.15 30.34 NOTE
r-release-macos-arm64 0.1.0 17.00 NOTE
r-release-windows-x86_64 0.1.0 3.00 68.00 71.00 NOTE
r-oldrel-macos-arm64 0.1.0 19.00 NOTE
r-oldrel-macos-x86_64 0.1.0 24.00 NOTE
r-oldrel-windows-x86_64 0.1.0 4.00 59.00 63.00 NOTE

Check Details

Version: 0.1.0
Check: LazyData
Result: NOTE 'LazyData' is specified without a 'data' directory Flavors: r-devel-linux-x86_64-debian-clang, r-devel-linux-x86_64-debian-gcc, r-devel-linux-x86_64-fedora-clang, r-devel-linux-x86_64-fedora-gcc, r-devel-windows-x86_64, r-patched-linux-x86_64, r-release-linux-x86_64, r-release-macos-arm64, r-release-windows-x86_64, r-oldrel-macos-arm64, r-oldrel-macos-x86_64, r-oldrel-windows-x86_64

Version: 0.1.0
Check: dependencies in R code
Result: NOTE Namespace in Imports field not imported from: ‘tidyselect’ All declared Imports should be used. Flavors: r-devel-linux-x86_64-fedora-clang, r-devel-linux-x86_64-fedora-gcc