CRAN Package Check Results for Package summariser

Last updated on 2024-02-21 00:54:43 CET.

Flavor Version Tinstall Tcheck Ttotal Status Flags
r-devel-linux-x86_64-debian-clang 2.3.0 NOTE
r-devel-linux-x86_64-debian-gcc 2.3.0 1.36 19.07 20.43 NOTE
r-devel-linux-x86_64-fedora-clang 2.3.0 33.55 NOTE
r-devel-linux-x86_64-fedora-gcc 2.3.0 31.56 NOTE
r-devel-windows-x86_64 2.3.0 3.00 41.00 44.00 NOTE
r-patched-linux-x86_64 2.3.0 1.80 24.46 26.26 NOTE
r-release-linux-x86_64 2.3.0 2.01 23.94 25.95 NOTE
r-release-macos-arm64 2.3.0 18.00 NOTE
r-release-macos-x86_64 2.3.0 22.00 NOTE
r-release-windows-x86_64 2.3.0 4.00 42.00 46.00 NOTE
r-oldrel-macos-arm64 2.3.0 17.00 NOTE
r-oldrel-windows-x86_64 2.3.0 4.00 45.00 49.00 NOTE

Check Details

Version: 2.3.0
Check: LazyData
Result: NOTE 'LazyData' is specified without a 'data' directory Flavors: r-devel-linux-x86_64-debian-clang, r-devel-linux-x86_64-debian-gcc, r-devel-linux-x86_64-fedora-clang, r-devel-linux-x86_64-fedora-gcc, r-devel-windows-x86_64, r-patched-linux-x86_64, r-release-linux-x86_64, r-release-macos-arm64, r-release-macos-x86_64, r-release-windows-x86_64, r-oldrel-macos-arm64, r-oldrel-windows-x86_64