Last updated on 2023-12-07 00:56:29 CET.
Flavor | Version | Tinstall | Tcheck | Ttotal | Status | Flags |
---|---|---|---|---|---|---|
r-devel-linux-x86_64-debian-clang | 2.1.8 | 3.15 | 52.43 | 55.58 | NOTE | |
r-devel-linux-x86_64-debian-gcc | 2.1.8 | 2.54 | 40.21 | 42.75 | NOTE | |
r-devel-linux-x86_64-fedora-clang | 2.1.8 | 69.93 | OK | |||
r-devel-linux-x86_64-fedora-gcc | 2.1.8 | 78.64 | OK | |||
r-devel-windows-x86_64 | 2.1.8 | 4.00 | 66.00 | 70.00 | OK | |
r-patched-linux-x86_64 | 2.1.8 | 2.46 | 50.32 | 52.78 | OK | |
r-release-linux-x86_64 | 2.1.8 | 2.43 | 50.00 | 52.43 | OK | |
r-release-macos-arm64 | 2.1.8 | 33.00 | OK | |||
r-release-macos-x86_64 | 2.1.8 | 45.00 | OK | |||
r-release-windows-x86_64 | 2.1.8 | 5.00 | 72.00 | 77.00 | OK | |
r-oldrel-macos-arm64 | 2.1.8 | 27.00 | OK | |||
r-oldrel-macos-x86_64 | 2.1.8 | 36.00 | OK | |||
r-oldrel-windows-x86_64 | 2.1.8 | 5.00 | 75.00 | 80.00 | OK |
Version: 2.1.8
Check: Rd files
Result: NOTE
checkRd: (-1) sunburst.Rd:30: Lost braces; missing escapes or markup?
30 | nested d3 JSON hierarchy with `{name:..., children:[];}`. \code{csvdata}
| ^
checkRd: (-1) sunburst.Rd:88: Lost braces; missing escapes or markup?
88 | \item{jsondata}{\code{deprecated} use data argument instead; data in nested d3 JSON hierarchy with `{name:..., children:[];}`}
| ^
checkRd: (-1) sund2b.Rd:22: Lost braces; missing escapes or markup?
22 | nested d3 JSON hierarchy with `{name:..., children:[];}`. \code{list}, \code{character},
| ^
Flavors: r-devel-linux-x86_64-debian-clang, r-devel-linux-x86_64-debian-gcc