CRAN Package Check Results for Package sureLDA

Last updated on 2024-02-24 16:48:35 CET.

Flavor Version Tinstall Tcheck Ttotal Status Flags
r-devel-linux-x86_64-debian-clang 0.1.0-1 36.05 313.86 349.91 OK
r-devel-linux-x86_64-debian-gcc 0.1.0-1 29.15 214.87 244.02 OK
r-devel-linux-x86_64-fedora-clang 0.1.0-1 443.88 NOTE
r-devel-linux-x86_64-fedora-gcc 0.1.0-1 459.67 NOTE
r-devel-windows-x86_64 0.1.0-1 31.00 300.00 331.00 OK
r-patched-linux-x86_64 0.1.0-1 37.70 318.97 356.67 OK
r-release-linux-x86_64 0.1.0-1 37.86 324.60 362.46 OK
r-release-macos-arm64 0.1.0-1 128.00 OK
r-release-macos-x86_64 0.1.0-1 204.00 OK
r-release-windows-x86_64 0.1.0-1 41.00 365.00 406.00 OK
r-oldrel-macos-arm64 0.1.0-1 102.00 NOTE
r-oldrel-windows-x86_64 0.1.0-1 39.00 360.00 399.00 OK

Check Details

Version: 0.1.0-1
Check: dependencies in R code
Result: NOTE Namespaces in Imports field not imported from: ‘doParallel’ ‘pROC’ All declared Imports should be used. Flavors: r-devel-linux-x86_64-fedora-clang, r-devel-linux-x86_64-fedora-gcc, r-oldrel-macos-arm64