CRAN Package Check Results for Package surveyplanning

Last updated on 2023-09-28 01:19:08 CEST.

Flavor Version Tinstall Tcheck Ttotal Status Flags
r-devel-linux-x86_64-debian-clang 4.0 3.97 38.96 42.93 NOTE
r-devel-linux-x86_64-debian-gcc 4.0 3.10 28.27 31.37 NOTE
r-devel-linux-x86_64-fedora-clang 4.0 53.30 NOTE
r-devel-linux-x86_64-fedora-gcc 4.0 50.21 NOTE
r-devel-windows-x86_64 4.0 5.00 49.00 54.00 NOTE
r-patched-linux-x86_64 4.0 5.03 36.44 41.47 NOTE
r-release-linux-x86_64 4.0 3.68 36.19 39.87 NOTE
r-release-macos-arm64 4.0 20.00 NOTE
r-release-macos-x86_64 4.0 28.00 NOTE
r-release-windows-x86_64 4.0 5.00 52.00 57.00 NOTE
r-oldrel-macos-arm64 4.0 18.00 NOTE
r-oldrel-macos-x86_64 4.0 25.00 NOTE
r-oldrel-windows-x86_64 4.0 8.00 54.00 62.00 NOTE

Check Details

Version: 4.0
Check: LazyData
Result: NOTE
     'LazyData' is specified without a 'data' directory
Flavors: r-devel-linux-x86_64-debian-clang, r-devel-linux-x86_64-debian-gcc, r-devel-linux-x86_64-fedora-clang, r-devel-linux-x86_64-fedora-gcc, r-devel-windows-x86_64, r-patched-linux-x86_64, r-release-linux-x86_64, r-release-macos-arm64, r-release-macos-x86_64, r-release-windows-x86_64, r-oldrel-macos-arm64, r-oldrel-macos-x86_64, r-oldrel-windows-x86_64