Last updated on 2024-03-28 23:55:21 CET.
Flavor | Version | Tinstall | Tcheck | Ttotal | Status | Flags |
---|---|---|---|---|---|---|
r-devel-linux-x86_64-debian-clang | 3.5-8 | 68.55 | 684.40 | 752.95 | OK | |
r-devel-linux-x86_64-debian-gcc | 3.5-8 | 62.97 | 504.83 | 567.80 | OK | |
r-devel-linux-x86_64-fedora-clang | 3.5-8 | 931.13 | NOTE | |||
r-devel-linux-x86_64-fedora-gcc | 3.5-8 | 949.69 | OK | |||
r-devel-windows-x86_64 | 3.5-8 | 81.00 | 638.00 | 719.00 | NOTE | |
r-patched-linux-x86_64 | 3.5-8 | 70.20 | 651.83 | 722.03 | OK | |
r-release-linux-x86_64 | 3.5-8 | 70.35 | 674.55 | 744.90 | OK | |
r-release-macos-arm64 | 3.5-8 | 325.00 | NOTE | |||
r-release-macos-x86_64 | 3.5-8 | 706.00 | NOTE | |||
r-release-windows-x86_64 | 3.5-8 | 99.00 | 830.00 | 929.00 | NOTE | |
r-oldrel-macos-arm64 | 3.5-8 | 320.00 | NOTE | |||
r-oldrel-windows-x86_64 | 3.5-8 | 100.00 | 808.00 | 908.00 | NOTE |
Version: 3.5-8
Check: installed package size
Result: NOTE
installed size is 8.2Mb
sub-directories of 1Mb or more:
R 1.2Mb
data 1.9Mb
doc 3.9Mb
Flavors: r-devel-linux-x86_64-fedora-clang, r-devel-windows-x86_64, r-release-macos-arm64, r-release-macos-x86_64, r-release-windows-x86_64, r-oldrel-macos-arm64, r-oldrel-windows-x86_64