Last updated on 2024-05-21 16:53:34 CEST.
Flavor | Version | Tinstall | Tcheck | Ttotal | Status | Flags |
---|---|---|---|---|---|---|
r-devel-linux-x86_64-debian-clang | 0.8.1 | 4.03 | 57.21 | 61.24 | NOTE | |
r-devel-linux-x86_64-debian-gcc | 0.8.1 | 4.39 | 42.64 | 47.03 | NOTE | |
r-devel-linux-x86_64-fedora-clang | 0.8.1 | 78.95 | NOTE | |||
r-devel-linux-x86_64-fedora-gcc | 0.8.1 | 74.52 | NOTE | |||
r-devel-windows-x86_64 | 0.8.1 | 7.00 | 66.00 | 73.00 | NOTE | |
r-patched-linux-x86_64 | 0.8.1 | 6.49 | 54.57 | 61.06 | NOTE | |
r-release-linux-x86_64 | 0.8.1 | 6.29 | 54.33 | 60.62 | NOTE | |
r-release-macos-arm64 | 0.8.1 | 26.00 | NOTE | |||
r-release-windows-x86_64 | 0.8.1 | 7.00 | 66.00 | 73.00 | NOTE | |
r-oldrel-macos-arm64 | 0.8.1 | 29.00 | NOTE | |||
r-oldrel-macos-x86_64 | 0.8.1 | 43.00 | NOTE | |||
r-oldrel-windows-x86_64 | 0.8.1 | 9.00 | 69.00 | 78.00 | NOTE |
Version: 0.8.1
Check: LazyData
Result: NOTE
'LazyData' is specified without a 'data' directory
Flavors: r-devel-linux-x86_64-debian-clang, r-devel-linux-x86_64-debian-gcc, r-devel-linux-x86_64-fedora-clang, r-devel-linux-x86_64-fedora-gcc, r-devel-windows-x86_64, r-patched-linux-x86_64, r-release-linux-x86_64, r-release-macos-arm64, r-release-windows-x86_64, r-oldrel-macos-arm64, r-oldrel-macos-x86_64, r-oldrel-windows-x86_64