Last updated on 2024-05-21 00:57:27 CEST.
Flavor | Version | Tinstall | Tcheck | Ttotal | Status | Flags |
---|---|---|---|---|---|---|
r-devel-linux-x86_64-debian-clang | 1.9 | 22.96 | 77.21 | 100.17 | OK | |
r-devel-linux-x86_64-debian-gcc | 1.9 | 18.96 | 56.67 | 75.63 | OK | |
r-devel-linux-x86_64-fedora-clang | 1.9 | 123.16 | NOTE | |||
r-devel-linux-x86_64-fedora-gcc | 1.9 | 121.44 | OK | |||
r-devel-windows-x86_64 | 1.9 | 28.00 | 77.00 | 105.00 | OK | |
r-patched-linux-x86_64 | 1.9 | 21.51 | 74.26 | 95.77 | OK | |
r-release-linux-x86_64 | 1.9 | 22.79 | 72.78 | 95.57 | OK | |
r-release-macos-arm64 | 1.9 | 42.00 | OK | |||
r-release-windows-x86_64 | 1.9 | 27.00 | 74.00 | 101.00 | OK | |
r-oldrel-macos-arm64 | 1.9 | 43.00 | OK | |||
r-oldrel-macos-x86_64 | 1.9 | 95.00 | OK | |||
r-oldrel-windows-x86_64 | 1.9 | 32.00 | 88.00 | 120.00 | OK |
Version: 1.9
Check: installed package size
Result: NOTE
installed size is 7.7Mb
sub-directories of 1Mb or more:
libs 7.5Mb
Flavor: r-devel-linux-x86_64-fedora-clang