CRAN Package Check Results for Package syn

Last updated on 2024-02-21 00:54:43 CET.

Flavor Version Tinstall Tcheck Ttotal Status Flags
r-devel-linux-x86_64-debian-clang 0.1.0 NOTE
r-devel-linux-x86_64-debian-gcc 0.1.0 10.35 23.25 33.60 NOTE
r-devel-linux-x86_64-fedora-clang 0.1.0 53.57 NOTE
r-devel-linux-x86_64-fedora-gcc 0.1.0 52.01 NOTE
r-devel-windows-x86_64 0.1.0 13.00 45.00 58.00 NOTE
r-patched-linux-x86_64 0.1.0 11.40 29.10 40.50 NOTE
r-release-linux-x86_64 0.1.0 11.68 28.89 40.57 NOTE
r-release-macos-arm64 0.1.0 23.00 NOTE
r-release-macos-x86_64 0.1.0 32.00 NOTE
r-release-windows-x86_64 0.1.0 14.00 48.00 62.00 NOTE
r-oldrel-macos-arm64 0.1.0 24.00 NOTE
r-oldrel-windows-x86_64 0.1.0 18.00 48.00 66.00 NOTE

Check Details

Version: 0.1.0
Check: LazyData
Result: NOTE 'LazyData' is specified without a 'data' directory Flavors: r-devel-linux-x86_64-debian-clang, r-devel-linux-x86_64-debian-gcc, r-devel-linux-x86_64-fedora-clang, r-devel-linux-x86_64-fedora-gcc, r-devel-windows-x86_64, r-patched-linux-x86_64, r-release-linux-x86_64, r-release-macos-arm64, r-release-macos-x86_64, r-release-windows-x86_64, r-oldrel-macos-arm64, r-oldrel-windows-x86_64