CRAN Package Check Results for Package table.glue

Last updated on 2024-03-03 01:00:58 CET.

Flavor Version Tinstall Tcheck Ttotal Status Flags
r-devel-linux-x86_64-debian-clang 0.0.3 3.19 41.33 44.52 NOTE
r-devel-linux-x86_64-debian-gcc 0.0.3 2.90 31.57 34.47 NOTE
r-devel-linux-x86_64-fedora-clang 0.0.3 55.38 NOTE
r-devel-linux-x86_64-fedora-gcc 0.0.3 66.20 NOTE
r-devel-windows-x86_64 0.0.3 4.00 63.00 67.00 OK
r-patched-linux-x86_64 0.0.3 3.79 40.43 44.22 OK
r-release-linux-x86_64 0.0.3 2.93 39.89 42.82 OK
r-release-macos-arm64 0.0.3 29.00 OK
r-release-macos-x86_64 0.0.3 42.00 OK
r-release-windows-x86_64 0.0.3 6.00 64.00 70.00 OK
r-oldrel-macos-arm64 0.0.3 21.00 OK
r-oldrel-windows-x86_64 0.0.3 7.00 58.00 65.00 OK

Check Details

Version: 0.0.3
Check: Rd files
Result: NOTE checkRd: (-1) table_ester.Rd:32: Lost braces; missing escapes or markup? 32 | inside of curly brackets, i.e., { } . For instance, if estimate = 1.23 | ^ checkRd: (-1) table_ester.Rd:33: Lost braces; missing escapes or markup? 33 | and error = 0.45, then \code{form} = "{estimate} ({error})" will return | ^ checkRd: (-1) table_ester.Rd:33: Lost braces; missing escapes or markup? 33 | and error = 0.45, then \code{form} = "{estimate} ({error})" will return | ^ Flavors: r-devel-linux-x86_64-debian-clang, r-devel-linux-x86_64-debian-gcc, r-devel-linux-x86_64-fedora-clang, r-devel-linux-x86_64-fedora-gcc